ens digit of 3296?
9
What is the tens digit of 12629?
2
What is the ten thousands digit of 21217?
2
What is the tens digit of 99099?
9
What is the units digit of 4256?
6
What is the tens digit of 163?
6
What is the ten thousands digit of 73816?
7
What is the hundreds digit of 55540?
5
What is the tens digit of 409?
0
What is the thousands digit of 1828?
1
What is the hundreds digit of 129?
1
What is the tens digit of 2439?
3
What is the units digit of 289?
9
What is the units digit of 5973?
3
What is the thousands digit of 12665?
2
What is the thousands digit of 1586?
1
What is the tens digit of 44418?
1
What is the hundreds digit of 771?
7
What is the tens digit of 1760?
6
What is the tens digit of 2629?
2
What is the thousands digit of 11944?
1
What is the thousands digit of 3157?
3
What is the tens digit of 9369?
6
What is the ten thousands digit of 29808?
2
What is the hundreds digit of 1233?
2
What is the hundreds digit of 288?
2
What is the units digit of 16787?
7
What is the hundreds digit of 89016?
0
What is the units digit of 13290?
0
What is the units digit of 11839?
9
What is the thousands digit of 81626?
1
What is the tens digit of 2000?
0
What is the hundreds digit of 12948?
9
What is the tens digit of 119?
1
What is the units digit of 2902?
2
What is the tens digit of 4871?
7
What is the hundreds digit of 2211?
2
What is the units digit of 1995?
5
What is the hundreds digit of 1761?
7
What is the tens digit of 299?
9
What is the tens digit of 3800?
0
What is the ten thousands digit of 27482?
2
What is the hundreds digit of 4863?
8
What is the hundreds digit of 38325?
3
What is the hundreds digit of 1975?
9
What is the tens digit of 9025?
2
What is the thousands digit of 16895?
6
What is the hundreds digit of 8069?
0
What is the units digit of 802?
2
What is the hundreds digit of 894?
8
What is the thousands digit of 27091?
7
What is the tens digit of 81115?
1
What is the thousands digit of 61669?
1
What is the thousands digit of 1008?
1
What is the hundreds digit of 3253?
2
What is the units digit of 11731?
1
What is the units digit of 4941?
1
What is the hundreds digit of 87060?
0
What is the tens digit of 73?
7
What is the hundreds digit of 525?
5
What is the tens digit of 2333?
3
What is the hundreds digit of 9439?
4
What is the units digit of 1020?
0
What is the hundreds digit of 1355?
3
What is the thousands digit of 93881?
3
What is the tens digit of 8886?
8
What is the units digit of 13509?
9
What is the hundreds digit of 8739?
7
What is the units digit of 260?
0
What is the units digit of 26178?
8
What is the units digit of 22881?
1
What is the ten thousands digit of 10649?
1
What is the hundreds digit of 16911?
9
What is the ten thousands digit of 122340?
2
What is the thousands digit of 1020?
1
What is the hundreds digit of 983?
9
What is the hundreds digit of 19783?
7
What is the hundreds digit of 4501?
5
What is the tens digit of 1741?
4
What is the thousands digit of 20457?
0
What is the ten thousands digit of 37484?
3
What is the tens digit of 8482?
8
What is the hundreds digit of 1632?
6
What is the tens digit of 1175?
7
What is the hundred thousands digit of 156443?
1
What is the units digit of 7378?
8
What is the thousands digit of 2425?
2
What is the hundreds digit of 12397?
3
What is the units digit of 2148?
8
What is the units digit of 7143?
3
What is the tens digit of 1888?
8
What is the tens digit of 3404?
0
What is the hundreds digit of 268?
2
What is the units digit of 631?
1
What is the tens digit of 2755?
5
What is the thousands digit of 12045?
2
What is the thousands digit of 7182?
7
What is the tens digit of 3829?
2
What is the hundred thousands digit of 128936?
1
What is the tens digit of 12182?
8
What is the units digit of 1562?
2
What is the thousands digit of 1070?
1
What is the ten thousands digit of 15562?
1
What is the units digit of 4532?
2
What is the hundreds digit of 293?
2
What is the thousands digit of 31332?
1
What is the thousands digit of 10299?
0
What is the hundreds digit of 42761?
7
What is the ten thousands digit of 13645?
1
What is the hundreds digit of 1114?
1
What is the units digit of 8367?
7
What is the tens digit of 848?
4
What is the units digit of 44727?
7
What is the units digit of 113059?
9
What is the tens digit of 22482?
8
What is the hundreds digit of 6117?
1
What is the thousands digit of 6436?
6
What is the hundreds digit of 6127?
1
What is the hundreds digit of 1491?
4
What is the units digit of 265?
5
What is the hundreds digit of 40418?
4
What is the thousands digit of 2159?
2
What is the tens digit of 54?
5
What is the tens digit of 3978?
7
What is the hundreds digit of 897?
8
What is the units digit of 14977?
7
What is the ten thousands digit of 11855?
1
What is the units digit of 754?
4
What is the units digit of 3284?
4
What is the hundreds digit of 504?
5
What is the ten thousands digit of 11386?
1
What is the tens digit of 1785?
8
What is the tens digit of 15507?
0
What is the tens digit of 174?
7
What is the thousands digit of 12116?
2
What is the thousands digit of 96097?
6
What is the units digit of 1168?
8
What is the thousands digit of 9867?
9
What is the hundreds digit of 257?
2
What is the tens digit of 114576?
7
What is the hundreds digit of 82562?
5
What is the units digit of 22404?
4
What is the units digit of 1520?
0
What is the units digit of 5923?
3
What is the tens digit of 8873?
7
What is the thousands digit of 1709?
1
What is the ten thousands digit of 47530?
4
What is the units digit of 34902?
2
What is the units digit of 1034?
4
What is the tens digit of 925?
2
What is the tens digit of 14734?
3
What is the ten thousands digit of 78007?
7
What is the hundreds digit of 52743?
7
What is the hundreds digit of 1140?
1
What is the tens digit of 5043?
4
What is the hundreds digit of 37081?
0
What is the units digit of 128640?
0
What is the tens digit of 2023?
2
What is the tens digit of 21915?
1
What is the hundreds digit of 106?
1
What is the hundreds digit of 118852?
8
What is the hundreds digit of 889?
8
What is the thousands digit of 18916?
8
What is the hundreds digit of 7689?
6
What is the tens digit of 31345?
4
What is the tens digit of 1365?
6
What is the hundreds digit of 33405?
4
What is the units digit of 3922?
2
What is the units digit of 1831?
1
What is the hundreds digit of 1399?
3
What is the thousands digit of 2385?
2
What is the units digit of 8374?
4
What is the units digit of 856?
6
What is the hundreds digit of 1984?
9
What is the tens digit of 710?
1
What is the units digit of 19939?
9
What is the thousands digit of 73899?
3
What is the units digit of 5126?
6
What is the tens digit of 4727?
2
What is the thousands digit of 9083?
9
What is the ten thousands digit of 28560?
2
What is the tens digit of 44891?
9
What is the tens digit of 511?
1
What is the hundreds digit of 3423?
4
What is the tens digit of 917?
1
What is the units digit of 492?
2
What is the thousands digit of 16190?
6
What is the tens digit of 970?
7
What is the units digit of 2046?
6
What is the thousands digit of 13719?
3
What is the units digit of 3239?
9
What is the tens digit of 12784?
8
What is the tens digit of 25723?
2
What is the tens digit of 54314?
1
What is the units digit of 820?
0
What is the thousands digit of 3768?
3
What is the tens digit of 9354?
5
What is the units digit of 7802?
2
What is the thousands digit of 2295?
2
What is the hundreds digit of 10608?
6
What is the tens digit of 3712?
1
What is the hundreds digit of 10608?
6
What is the hundreds digit of 15498?
4
What is the tens digit of 13929?
2
What is the units digit of 13495?
5
What is the hundred thousands digit of 154610?
1
What is the units digit of 374?
4
What is the units digit of 145?
5
What is the thousands digit of 16741?
6
What is the tens digit of 88270?
7
What is the tens digit of 1000?
0
What is the thousands digit of 26431?
6
What is the tens digit of 60885?
8
What is the hundreds digit of 3675?
6
What is the units digit of 3604?
4
What is the units digit of 3485?
5
What is the thousands digit of 15849?
5
What is the hundreds digit of 16331?
3
What is the units digit of 461?
1
What is the tens digit of 4486?
8
What is the tens digit of 2732?
3
What is the tens digit